{"id":32,"date":"2015-05-28T08:18:30","date_gmt":"2015-05-28T06:18:30","guid":{"rendered":"http:\/\/agroaliance.cz\/agronutrition\/?page_id=32"},"modified":"2020-01-15T16:46:19","modified_gmt":"2020-01-15T15:46:19","slug":"kontakt","status":"publish","type":"page","link":"https:\/\/agroaliance.cz\/agronutrition\/kontakt\/","title":{"rendered":"Kontakt"},"content":{"rendered":"<h2>Agronutrition, Listov\u00e1 hnojiva<\/h2>\n<p><strong>Ing. Regina \u010cornejov\u00e1<\/strong><br \/>\n252 26 T\u0159ebotov 304, Praha-z\u00e1pad<br \/>\nMobil: +420 731 114 693<br \/>\nEmail:\u00a0<a href=\"javascript:DeCryptX('3u1f1h0i1o0a311d3r3u3q3h2l3r3y2c2B2c2i1s3r0a2n3l3d2p3f2g313f1{')\">regina.cornejova@agroaliance.cz<\/a><\/p>\n<p><a href=\"http:\/\/agroaliance.cz\/agronutrition\/wp-content\/uploads\/2020\/01\/mapa.jpg\" target=\"_blank\" rel=\"noopener noreferrer\"><img loading=\"lazy\" class=\"alignright wp-image-246 size-full\" src=\"http:\/\/agroaliance.cz\/agronutrition\/wp-content\/uploads\/2020\/01\/mapa.jpg\" alt=\"\" width=\"1440\" height=\"918\" srcset=\"https:\/\/agroaliance.cz\/agronutrition\/wp-content\/uploads\/2020\/01\/mapa.jpg 1440w, https:\/\/agroaliance.cz\/agronutrition\/wp-content\/uploads\/2020\/01\/mapa-300x191.jpg 300w, https:\/\/agroaliance.cz\/agronutrition\/wp-content\/uploads\/2020\/01\/mapa-1024x653.jpg 1024w\" sizes=\"(max-width: 1440px) 100vw, 1440px\" \/><\/a><\/p>\n<h4>V\u00fdhradn\u00edm dovozcem je <a href=\"http:\/\/www.agroaliance.cz\" target=\"_blank\" rel=\"noopener noreferrer\">Agro Aliance s.r.o.<br \/>\n<img loading=\"lazy\" class=\" size-full wp-image-95 alignnone\" src=\"http:\/\/agroaliance.cz\/agronutrition\/wp-content\/uploads\/logo-aa.png\" alt=\"logo-aa\" width=\"246\" height=\"60\" \/><br \/>\n<\/a><\/h4>\n","protected":false},"excerpt":{"rendered":"<p>Agronutrition, Listov\u00e1 hnojiva Ing. Regina \u010cornejov\u00e1 252 26 T\u0159ebotov 304, Praha-z\u00e1pad Mobil: +420 731 114 693 Email:\u00a0regina.cornejova@agroaliance.cz V\u00fdhradn\u00edm dovozcem je Agro Aliance s.r.o.<\/p>\n","protected":false},"author":1,"featured_media":0,"parent":0,"menu_order":0,"comment_status":"closed","ping_status":"closed","template":"","meta":[],"_links":{"self":[{"href":"https:\/\/agroaliance.cz\/agronutrition\/wp-json\/wp\/v2\/pages\/32"}],"collection":[{"href":"https:\/\/agroaliance.cz\/agronutrition\/wp-json\/wp\/v2\/pages"}],"about":[{"href":"https:\/\/agroaliance.cz\/agronutrition\/wp-json\/wp\/v2\/types\/page"}],"author":[{"embeddable":true,"href":"https:\/\/agroaliance.cz\/agronutrition\/wp-json\/wp\/v2\/users\/1"}],"replies":[{"embeddable":true,"href":"https:\/\/agroaliance.cz\/agronutrition\/wp-json\/wp\/v2\/comments?post=32"}],"version-history":[{"count":19,"href":"https:\/\/agroaliance.cz\/agronutrition\/wp-json\/wp\/v2\/pages\/32\/revisions"}],"predecessor-version":[{"id":247,"href":"https:\/\/agroaliance.cz\/agronutrition\/wp-json\/wp\/v2\/pages\/32\/revisions\/247"}],"wp:attachment":[{"href":"https:\/\/agroaliance.cz\/agronutrition\/wp-json\/wp\/v2\/media?parent=32"}],"curies":[{"name":"wp","href":"https:\/\/api.w.org\/{rel}","templated":true}]}}